{"id":267,"date":"2020-09-12T16:34:05","date_gmt":"2020-09-12T05:34:05","guid":{"rendered":"https:\/\/www.ima.nc\/?page_id=267"},"modified":"2020-09-15T12:11:42","modified_gmt":"2020-09-15T01:11:42","slug":"mentions-legales","status":"publish","type":"page","link":"https:\/\/www.ima.nc\/index.php\/mentions-legales\/","title":{"rendered":"Mentions l\u00e9gales"},"content":{"rendered":"\t\t<div data-elementor-type=\"wp-page\" data-elementor-id=\"267\" class=\"elementor elementor-267\">\n\t\t\t\t\t\t<header class=\"elementor-section elementor-top-section elementor-element elementor-element-c8ae0d8 elementor-section-full_width elementor-section-content-middle elementor-section-height-min-height elementor-section-height-default elementor-section-items-middle\" data-id=\"c8ae0d8\" data-element_type=\"section\" id=\"menu\" data-settings=\"{&quot;background_background&quot;:&quot;classic&quot;}\">\n\t\t\t\t\t\t<div class=\"elementor-container elementor-column-gap-default\">\n\t\t\t\t\t<div class=\"elementor-column elementor-col-33 elementor-top-column elementor-element elementor-element-2ecb6e19\" data-id=\"2ecb6e19\" data-element_type=\"column\">\n\t\t\t<div class=\"elementor-widget-wrap elementor-element-populated\">\n\t\t\t\t\t\t<div class=\"elementor-element elementor-element-67e5419b elementor-widget elementor-widget-image\" data-id=\"67e5419b\" data-element_type=\"widget\" data-widget_type=\"image.default\">\n\t\t\t\t<div class=\"elementor-widget-container\">\n\t\t\t\t\t\t\t\t\t\t\t\t\t\t\t\t<a href=\"#accueil\">\n\t\t\t\t\t\t\t<img fetchpriority=\"high\" decoding=\"async\" width=\"600\" height=\"481\" src=\"https:\/\/www.ima.nc\/wp-content\/uploads\/2020\/09\/logo-ima.jpg\" class=\"attachment-large size-large wp-image-179\" alt=\"\" srcset=\"https:\/\/www.ima.nc\/wp-content\/uploads\/2020\/09\/logo-ima.jpg 600w, https:\/\/www.ima.nc\/wp-content\/uploads\/2020\/09\/logo-ima-300x241.jpg 300w\" sizes=\"(max-width: 600px) 100vw, 600px\" \/>\t\t\t\t\t\t\t\t<\/a>\n\t\t\t\t\t\t\t\t\t\t\t\t\t\t\t<\/div>\n\t\t\t\t<\/div>\n\t\t\t\t\t<\/div>\n\t\t<\/div>\n\t\t\t\t<div class=\"elementor-column elementor-col-33 elementor-top-column elementor-element elementor-element-7ef5a7d4\" data-id=\"7ef5a7d4\" data-element_type=\"column\">\n\t\t\t<div class=\"elementor-widget-wrap\">\n\t\t\t\t\t\t\t<\/div>\n\t\t<\/div>\n\t\t\t\t<div class=\"elementor-column elementor-col-33 elementor-top-column elementor-element elementor-element-f0a372e\" data-id=\"f0a372e\" data-element_type=\"column\">\n\t\t\t<div class=\"elementor-widget-wrap elementor-element-populated\">\n\t\t\t\t\t\t<div class=\"elementor-element elementor-element-64207297 elementor-align-right elementor-widget elementor-widget-button\" data-id=\"64207297\" data-element_type=\"widget\" data-widget_type=\"button.default\">\n\t\t\t\t<div class=\"elementor-widget-container\">\n\t\t\t\t\t\t\t\t\t<div class=\"elementor-button-wrapper\">\n\t\t\t\t\t<a class=\"elementor-button elementor-button-link elementor-size-sm\" href=\"#contact\">\n\t\t\t\t\t\t<span class=\"elementor-button-content-wrapper\">\n\t\t\t\t\t\t\t\t\t<span class=\"elementor-button-text\">Contacts<\/span>\n\t\t\t\t\t<\/span>\n\t\t\t\t\t<\/a>\n\t\t\t\t<\/div>\n\t\t\t\t\t\t\t\t<\/div>\n\t\t\t\t<\/div>\n\t\t\t\t\t<\/div>\n\t\t<\/div>\n\t\t\t\t\t<\/div>\n\t\t<\/header>\n\t\t\t\t<section class=\"elementor-section elementor-top-section elementor-element elementor-element-6abe6a0 elementor-section-boxed elementor-section-height-default elementor-section-height-default\" data-id=\"6abe6a0\" data-element_type=\"section\">\n\t\t\t\t\t\t<div class=\"elementor-container elementor-column-gap-default\">\n\t\t\t\t\t<div class=\"elementor-column elementor-col-100 elementor-top-column elementor-element elementor-element-efcbb49\" data-id=\"efcbb49\" data-element_type=\"column\">\n\t\t\t<div class=\"elementor-widget-wrap elementor-element-populated\">\n\t\t\t\t\t\t<div class=\"elementor-element elementor-element-4f030ca elementor-widget elementor-widget-spacer\" data-id=\"4f030ca\" data-element_type=\"widget\" data-widget_type=\"spacer.default\">\n\t\t\t\t<div class=\"elementor-widget-container\">\n\t\t\t\t\t\t\t<div class=\"elementor-spacer\">\n\t\t\t<div class=\"elementor-spacer-inner\"><\/div>\n\t\t<\/div>\n\t\t\t\t\t\t<\/div>\n\t\t\t\t<\/div>\n\t\t\t\t<div class=\"elementor-element elementor-element-4aeee71 elementor-widget elementor-widget-heading\" data-id=\"4aeee71\" data-element_type=\"widget\" data-widget_type=\"heading.default\">\n\t\t\t\t<div class=\"elementor-widget-container\">\n\t\t\t\t\t<h2 class=\"elementor-heading-title elementor-size-default\">Mentions l\u00e9gales et protection des donn\u00e9es <\/h2>\t\t\t\t<\/div>\n\t\t\t\t<\/div>\n\t\t\t\t<div class=\"elementor-element elementor-element-24d1894 elementor-widget elementor-widget-text-editor\" data-id=\"24d1894\" data-element_type=\"widget\" data-widget_type=\"text-editor.default\">\n\t\t\t\t<div class=\"elementor-widget-container\">\n\t\t\t\t\t\t\t\t\t<p>IMA INFORMATIQUE<\/p>\n<p><strong>Directeur de la publication :<\/strong> IMA SARL<br><\/p>\n<p><strong>T\u00e9l\u00e9phone :<\/strong> +687 75 33 34<\/p>\n<p><strong>Email<\/strong> : ima@ima.nc<\/p>\n<p>R\u00e9alisation du site : IMA INFORMATIQUE &#8211; OVH<br><\/p>\t\t\t\t\t\t\t\t<\/div>\n\t\t\t\t<\/div>\n\t\t\t\t<div class=\"elementor-element elementor-element-f8d7588 elementor-widget elementor-widget-text-editor\" data-id=\"f8d7588\" data-element_type=\"widget\" data-widget_type=\"text-editor.default\">\n\t\t\t\t<div class=\"elementor-widget-container\">\n\t\t\t\t\t\t\t\t\t<p><strong>Donn\u00e9es personnelles<\/strong><\/p><p>Les informations recueillies font l\u2019objet d\u2019un traitement informatique destin\u00e9 au traitement des demandes et \u00e0 l\u2019information du public.<\/p><p>Les informations collect\u00e9es sont conserv\u00e9es pour la dur\u00e9e n\u00e9cessaire au traitement des r\u00e9ponses.Ce traitement est dispens\u00e9 de d\u00e9claration conform\u00e9ment aux dispositions de la d\u00e9lib\u00e9ration de la CNIL n\u00b0 2006-138 du 9 mai 2006.<\/p><p>Conform\u00e9ment \u00e0 la loi modifi\u00e9e \u00ab informatique et libert\u00e9s \u00bb du 6 janvier 1978, vous b\u00e9n\u00e9ficiez d\u2019un droit d\u2019acc\u00e8s, de rectification et de suppression des donn\u00e9es aux informations vous concernant.<\/p><p>Vous pouvez exercer ce droit en vous adressant \u00e0 IMA INFORMATIQUE, par mail \u00e0 ima@ima.nc .<\/p><p>Les informations recueillies \u00e0 partir des formulaires sont transmises par mail \u00e0 IMA Informatique.<\/p><p>Vous pouvez \u00e9galement, pour des motifs l\u00e9gitimes, vous opposer au traitement des donn\u00e9es vous concernant.<\/p><p><strong>Cookies<\/strong><\/p><p>Nous vous rappelons que vous pouvez vous opposer \u00e0 l\u2019enregistrement de \u00ab\u00a0cookies\u00a0\u00bb en configurant votre navigateur, en vous reportant au manuel utilisateur de votre navigateur.<\/p><p>Les internautes sont inform\u00e9s qu\u2019aucun cookie de session n\u2019est d\u00e9pos\u00e9 sur leur ordinateur lors de la consultation de ce site.<\/p><p>Un cookie est un fichier texte d\u00e9pos\u00e9 sur votre ordinateur lors de la visite d\u2019un site ou de la consultation d\u2019une publicit\u00e9. Il a pour but de collecter des informations relatives \u00e0 votre navigation et de vous adresser des services adapt\u00e9s \u00e0 votre terminal (ordinateur, mobile ou tablette). Les cookies sont g\u00e9r\u00e9s par votre navigateur internet.<\/p><p><strong>Droits d\u2019auteur<\/strong><\/p><p>L\u2019ensemble de ce site rel\u00e8ve de la l\u00e9gislation fran\u00e7aise et internationale sur le droit d\u2019auteur et la propri\u00e9t\u00e9 intellectuelle. Tous les droits de reproduction sont r\u00e9serv\u00e9s, y compris pour les documents t\u00e9l\u00e9chargeables et les repr\u00e9sentations iconographiques et photographiques.<\/p><p>La reproduction de tout ou partie de ce site sur un support \u00e9lectronique quel qu\u2019il soit est formellement interdite sauf autorisation expresse du directeur de la publication.<\/p>\t\t\t\t\t\t\t\t<\/div>\n\t\t\t\t<\/div>\n\t\t\t\t<div class=\"elementor-element elementor-element-e4f5256 elementor-widget elementor-widget-spacer\" data-id=\"e4f5256\" data-element_type=\"widget\" data-widget_type=\"spacer.default\">\n\t\t\t\t<div class=\"elementor-widget-container\">\n\t\t\t\t\t\t\t<div class=\"elementor-spacer\">\n\t\t\t<div class=\"elementor-spacer-inner\"><\/div>\n\t\t<\/div>\n\t\t\t\t\t\t<\/div>\n\t\t\t\t<\/div>\n\t\t\t\t\t<\/div>\n\t\t<\/div>\n\t\t\t\t\t<\/div>\n\t\t<\/section>\n\t\t\t\t<footer class=\"elementor-section elementor-top-section elementor-element elementor-element-6a051c5f elementor-section-boxed elementor-section-height-default elementor-section-height-default\" data-id=\"6a051c5f\" data-element_type=\"section\" id=\"contact\" data-settings=\"{&quot;background_background&quot;:&quot;classic&quot;}\">\n\t\t\t\t\t\t<div class=\"elementor-container elementor-column-gap-default\">\n\t\t\t\t\t<div class=\"elementor-column elementor-col-100 elementor-top-column elementor-element elementor-element-7edee1\" data-id=\"7edee1\" data-element_type=\"column\">\n\t\t\t<div class=\"elementor-widget-wrap elementor-element-populated\">\n\t\t\t\t\t\t<section class=\"elementor-section elementor-inner-section elementor-element elementor-element-6a1f3729 elementor-section-height-min-height elementor-section-boxed elementor-section-height-default\" data-id=\"6a1f3729\" data-element_type=\"section\">\n\t\t\t\t\t\t<div class=\"elementor-container elementor-column-gap-default\">\n\t\t\t\t\t<div class=\"elementor-column elementor-col-25 elementor-inner-column elementor-element elementor-element-c88d662\" data-id=\"c88d662\" data-element_type=\"column\">\n\t\t\t<div class=\"elementor-widget-wrap elementor-element-populated\">\n\t\t\t\t\t\t<div class=\"elementor-element elementor-element-41a64a04 elementor-widget elementor-widget-heading\" data-id=\"41a64a04\" data-element_type=\"widget\" data-widget_type=\"heading.default\">\n\t\t\t\t<div class=\"elementor-widget-container\">\n\t\t\t\t\t<h4 class=\"elementor-heading-title elementor-size-default\">Contactez-nous<\/h4>\t\t\t\t<\/div>\n\t\t\t\t<\/div>\n\t\t\t\t<div class=\"elementor-element elementor-element-380a6bbd elementor-align-left elementor-icon-list--layout-traditional elementor-list-item-link-full_width elementor-widget elementor-widget-icon-list\" data-id=\"380a6bbd\" data-element_type=\"widget\" data-widget_type=\"icon-list.default\">\n\t\t\t\t<div class=\"elementor-widget-container\">\n\t\t\t\t\t\t\t<ul class=\"elementor-icon-list-items\">\n\t\t\t\t\t\t\t<li class=\"elementor-icon-list-item\">\n\t\t\t\t\t\t\t\t\t\t\t<span class=\"elementor-icon-list-icon\">\n\t\t\t\t\t\t\t<i aria-hidden=\"true\" class=\"fas fa-phone-alt\"><\/i>\t\t\t\t\t\t<\/span>\n\t\t\t\t\t\t\t\t\t\t<span class=\"elementor-icon-list-text\">75 33 34<\/span>\n\t\t\t\t\t\t\t\t\t<\/li>\n\t\t\t\t\t\t\t\t<li class=\"elementor-icon-list-item\">\n\t\t\t\t\t\t\t\t\t\t\t<span class=\"elementor-icon-list-icon\">\n\t\t\t\t\t\t\t<i aria-hidden=\"true\" class=\"fas fa-envelope\"><\/i>\t\t\t\t\t\t<\/span>\n\t\t\t\t\t\t\t\t\t\t<span class=\"elementor-icon-list-text\">ima@ima.nc<\/span>\n\t\t\t\t\t\t\t\t\t<\/li>\n\t\t\t\t\t\t<\/ul>\n\t\t\t\t\t\t<\/div>\n\t\t\t\t<\/div>\n\t\t\t\t\t<\/div>\n\t\t<\/div>\n\t\t\t\t<div class=\"elementor-column elementor-col-25 elementor-inner-column elementor-element elementor-element-5b6f4ea1\" data-id=\"5b6f4ea1\" data-element_type=\"column\">\n\t\t\t<div class=\"elementor-widget-wrap elementor-element-populated\">\n\t\t\t\t\t\t<div class=\"elementor-element elementor-element-1a9a1ed elementor-widget elementor-widget-heading\" data-id=\"1a9a1ed\" data-element_type=\"widget\" data-widget_type=\"heading.default\">\n\t\t\t\t<div class=\"elementor-widget-container\">\n\t\t\t\t\t<h4 class=\"elementor-heading-title elementor-size-default\">Menu<\/h4>\t\t\t\t<\/div>\n\t\t\t\t<\/div>\n\t\t\t\t<div class=\"elementor-element elementor-element-47a3463f elementor-align-left elementor-icon-list--layout-traditional elementor-list-item-link-full_width elementor-widget elementor-widget-icon-list\" data-id=\"47a3463f\" data-element_type=\"widget\" data-widget_type=\"icon-list.default\">\n\t\t\t\t<div class=\"elementor-widget-container\">\n\t\t\t\t\t\t\t<ul class=\"elementor-icon-list-items\">\n\t\t\t\t\t\t\t<li class=\"elementor-icon-list-item\">\n\t\t\t\t\t\t\t\t\t\t\t<a href=\"#actualite\">\n\n\t\t\t\t\t\t\t\t\t\t\t<span class=\"elementor-icon-list-text\">Actualit\u00e9 <\/span>\n\t\t\t\t\t\t\t\t\t\t\t<\/a>\n\t\t\t\t\t\t\t\t\t<\/li>\n\t\t\t\t\t\t\t\t<li class=\"elementor-icon-list-item\">\n\t\t\t\t\t\t\t\t\t\t\t<a href=\"#teletravail\">\n\n\t\t\t\t\t\t\t\t\t\t\t<span class=\"elementor-icon-list-text\">T\u00e9l\u00e9travail <\/span>\n\t\t\t\t\t\t\t\t\t\t\t<\/a>\n\t\t\t\t\t\t\t\t\t<\/li>\n\t\t\t\t\t\t\t\t<li class=\"elementor-icon-list-item\">\n\t\t\t\t\t\t\t\t\t\t\t<a href=\"#messagerie\">\n\n\t\t\t\t\t\t\t\t\t\t\t<span class=\"elementor-icon-list-text\">Messagerie d\u00e9di\u00e9e <\/span>\n\t\t\t\t\t\t\t\t\t\t\t<\/a>\n\t\t\t\t\t\t\t\t\t<\/li>\n\t\t\t\t\t\t\t\t<li class=\"elementor-icon-list-item\">\n\t\t\t\t\t\t\t\t\t\t\t<a href=\"#sauvegardes\">\n\n\t\t\t\t\t\t\t\t\t\t\t<span class=\"elementor-icon-list-text\">Sauvegardes<\/span>\n\t\t\t\t\t\t\t\t\t\t\t<\/a>\n\t\t\t\t\t\t\t\t\t<\/li>\n\t\t\t\t\t\t\t\t<li class=\"elementor-icon-list-item\">\n\t\t\t\t\t\t\t\t\t\t\t<a href=\"#cyber\">\n\n\t\t\t\t\t\t\t\t\t\t\t<span class=\"elementor-icon-list-text\">Cyber-criminalit\u00e9 <\/span>\n\t\t\t\t\t\t\t\t\t\t\t<\/a>\n\t\t\t\t\t\t\t\t\t<\/li>\n\t\t\t\t\t\t\t\t<li class=\"elementor-icon-list-item\">\n\t\t\t\t\t\t\t\t\t\t\t<a href=\"#qui\">\n\n\t\t\t\t\t\t\t\t\t\t\t<span class=\"elementor-icon-list-text\">Qui Sommes-Nous<\/span>\n\t\t\t\t\t\t\t\t\t\t\t<\/a>\n\t\t\t\t\t\t\t\t\t<\/li>\n\t\t\t\t\t\t<\/ul>\n\t\t\t\t\t\t<\/div>\n\t\t\t\t<\/div>\n\t\t\t\t\t<\/div>\n\t\t<\/div>\n\t\t\t\t<div class=\"elementor-column elementor-col-25 elementor-inner-column elementor-element elementor-element-60aeba1b\" data-id=\"60aeba1b\" data-element_type=\"column\">\n\t\t\t<div class=\"elementor-widget-wrap elementor-element-populated\">\n\t\t\t\t\t\t<div class=\"elementor-element elementor-element-243373e0 elementor-widget elementor-widget-heading\" data-id=\"243373e0\" data-element_type=\"widget\" data-widget_type=\"heading.default\">\n\t\t\t\t<div class=\"elementor-widget-container\">\n\t\t\t\t\t<h4 class=\"elementor-heading-title elementor-size-default\">Donn\u00e9es <\/h4>\t\t\t\t<\/div>\n\t\t\t\t<\/div>\n\t\t\t\t<div class=\"elementor-element elementor-element-3b719f5d elementor-align-left elementor-icon-list--layout-traditional elementor-list-item-link-full_width elementor-widget elementor-widget-icon-list\" data-id=\"3b719f5d\" data-element_type=\"widget\" data-widget_type=\"icon-list.default\">\n\t\t\t\t<div class=\"elementor-widget-container\">\n\t\t\t\t\t\t\t<ul class=\"elementor-icon-list-items\">\n\t\t\t\t\t\t\t<li class=\"elementor-icon-list-item\">\n\t\t\t\t\t\t\t\t\t\t\t<a href=\"https:\/\/www.ima.nc\/index.php\/mentions-legales\/\">\n\n\t\t\t\t\t\t\t\t\t\t\t<span class=\"elementor-icon-list-text\">Mentions l\u00e9gales <\/span>\n\t\t\t\t\t\t\t\t\t\t\t<\/a>\n\t\t\t\t\t\t\t\t\t<\/li>\n\t\t\t\t\t\t\t\t<li class=\"elementor-icon-list-item\">\n\t\t\t\t\t\t\t\t\t\t\t<a href=\"https:\/\/www.ima.nc\/index.php\/mentions-legales\/\">\n\n\t\t\t\t\t\t\t\t\t\t\t<span class=\"elementor-icon-list-text\">Confidentialit\u00e9 des donn\u00e9es <\/span>\n\t\t\t\t\t\t\t\t\t\t\t<\/a>\n\t\t\t\t\t\t\t\t\t<\/li>\n\t\t\t\t\t\t<\/ul>\n\t\t\t\t\t\t<\/div>\n\t\t\t\t<\/div>\n\t\t\t\t\t<\/div>\n\t\t<\/div>\n\t\t\t\t<div class=\"elementor-column elementor-col-25 elementor-inner-column elementor-element elementor-element-6da6d158\" data-id=\"6da6d158\" data-element_type=\"column\">\n\t\t\t<div class=\"elementor-widget-wrap\">\n\t\t\t\t\t\t\t<\/div>\n\t\t<\/div>\n\t\t\t\t\t<\/div>\n\t\t<\/section>\n\t\t\t\t\t<\/div>\n\t\t<\/div>\n\t\t\t\t\t<\/div>\n\t\t<\/footer>\n\t\t\t\t<\/div>\n\t\t","protected":false},"excerpt":{"rendered":"<p>Contacts Mentions l\u00e9gales et protection des donn\u00e9es IMA INFORMATIQUE Directeur de la publication : IMA SARL T\u00e9l\u00e9phone : +687 75 33 34 Email : ima@ima.nc R\u00e9alisation du site : IMA INFORMATIQUE &#8211; OVH Donn\u00e9es personnelles Les informations recueillies font l\u2019objet d\u2019un traitement informatique destin\u00e9 au traitement des demandes et \u00e0 l\u2019information du public. Les informations [&hellip;]<\/p>\n","protected":false},"author":2,"featured_media":0,"parent":0,"menu_order":0,"comment_status":"closed","ping_status":"closed","template":"elementor_canvas","meta":{"footnotes":""},"yoast_head":"<!-- This site is optimized with the Yoast SEO plugin v24.5 - https:\/\/yoast.com\/wordpress\/plugins\/seo\/ -->\n<title>Mentions l\u00e9gales - IMA-Informatique<\/title>\n<meta name=\"robots\" content=\"index, follow, max-snippet:-1, max-image-preview:large, max-video-preview:-1\" \/>\n<link rel=\"canonical\" href=\"https:\/\/www.ima.nc\/index.php\/mentions-legales\/\" \/>\n<meta property=\"og:locale\" content=\"fr_FR\" \/>\n<meta property=\"og:type\" content=\"article\" \/>\n<meta property=\"og:title\" content=\"Mentions l\u00e9gales - IMA-Informatique\" \/>\n<meta property=\"og:description\" content=\"Contacts Mentions l\u00e9gales et protection des donn\u00e9es IMA INFORMATIQUE Directeur de la publication : IMA SARL T\u00e9l\u00e9phone : +687 75 33 34 Email : ima@ima.nc R\u00e9alisation du site : IMA INFORMATIQUE &#8211; OVH Donn\u00e9es personnelles Les informations recueillies font l\u2019objet d\u2019un traitement informatique destin\u00e9 au traitement des demandes et \u00e0 l\u2019information du public. Les informations [&hellip;]\" \/>\n<meta property=\"og:url\" content=\"https:\/\/www.ima.nc\/index.php\/mentions-legales\/\" \/>\n<meta property=\"og:site_name\" content=\"IMA-Informatique\" \/>\n<meta property=\"article:modified_time\" content=\"2020-09-15T01:11:42+00:00\" \/>\n<meta property=\"og:image\" content=\"https:\/\/www.ima.nc\/wp-content\/uploads\/2020\/09\/logo-ima.jpg\" \/>\n<meta name=\"twitter:card\" content=\"summary_large_image\" \/>\n<meta name=\"twitter:label1\" content=\"Dur\u00e9e de lecture estim\u00e9e\" \/>\n\t<meta name=\"twitter:data1\" content=\"2 minutes\" \/>\n<script type=\"application\/ld+json\" class=\"yoast-schema-graph\">{\"@context\":\"https:\/\/schema.org\",\"@graph\":[{\"@type\":\"WebPage\",\"@id\":\"https:\/\/www.ima.nc\/index.php\/mentions-legales\/\",\"url\":\"https:\/\/www.ima.nc\/index.php\/mentions-legales\/\",\"name\":\"Mentions l\u00e9gales - IMA-Informatique\",\"isPartOf\":{\"@id\":\"https:\/\/www.ima.nc\/#website\"},\"primaryImageOfPage\":{\"@id\":\"https:\/\/www.ima.nc\/index.php\/mentions-legales\/#primaryimage\"},\"image\":{\"@id\":\"https:\/\/www.ima.nc\/index.php\/mentions-legales\/#primaryimage\"},\"thumbnailUrl\":\"https:\/\/www.ima.nc\/wp-content\/uploads\/2020\/09\/logo-ima.jpg\",\"datePublished\":\"2020-09-12T05:34:05+00:00\",\"dateModified\":\"2020-09-15T01:11:42+00:00\",\"breadcrumb\":{\"@id\":\"https:\/\/www.ima.nc\/index.php\/mentions-legales\/#breadcrumb\"},\"inLanguage\":\"fr-FR\",\"potentialAction\":[{\"@type\":\"ReadAction\",\"target\":[\"https:\/\/www.ima.nc\/index.php\/mentions-legales\/\"]}]},{\"@type\":\"ImageObject\",\"inLanguage\":\"fr-FR\",\"@id\":\"https:\/\/www.ima.nc\/index.php\/mentions-legales\/#primaryimage\",\"url\":\"https:\/\/www.ima.nc\/wp-content\/uploads\/2020\/09\/logo-ima.jpg\",\"contentUrl\":\"https:\/\/www.ima.nc\/wp-content\/uploads\/2020\/09\/logo-ima.jpg\"},{\"@type\":\"BreadcrumbList\",\"@id\":\"https:\/\/www.ima.nc\/index.php\/mentions-legales\/#breadcrumb\",\"itemListElement\":[{\"@type\":\"ListItem\",\"position\":1,\"name\":\"Accueil\",\"item\":\"https:\/\/www.ima.nc\/\"},{\"@type\":\"ListItem\",\"position\":2,\"name\":\"Mentions l\u00e9gales\"}]},{\"@type\":\"WebSite\",\"@id\":\"https:\/\/www.ima.nc\/#website\",\"url\":\"https:\/\/www.ima.nc\/\",\"name\":\"IMA-Informatique\",\"description\":\"Votre partenaire de confiance\",\"publisher\":{\"@id\":\"https:\/\/www.ima.nc\/#organization\"},\"potentialAction\":[{\"@type\":\"SearchAction\",\"target\":{\"@type\":\"EntryPoint\",\"urlTemplate\":\"https:\/\/www.ima.nc\/?s={search_term_string}\"},\"query-input\":{\"@type\":\"PropertyValueSpecification\",\"valueRequired\":true,\"valueName\":\"search_term_string\"}}],\"inLanguage\":\"fr-FR\"},{\"@type\":\"Organization\",\"@id\":\"https:\/\/www.ima.nc\/#organization\",\"name\":\"IMA INFORMATIQUE\",\"url\":\"https:\/\/www.ima.nc\/\",\"logo\":{\"@type\":\"ImageObject\",\"inLanguage\":\"fr-FR\",\"@id\":\"https:\/\/www.ima.nc\/#\/schema\/logo\/image\/\",\"url\":\"https:\/\/www.ima.nc\/wp-content\/uploads\/revslider\/paintbrush-addon\/logo-ima.jpg\",\"contentUrl\":\"https:\/\/www.ima.nc\/wp-content\/uploads\/revslider\/paintbrush-addon\/logo-ima.jpg\",\"width\":600,\"height\":481,\"caption\":\"IMA INFORMATIQUE\"},\"image\":{\"@id\":\"https:\/\/www.ima.nc\/#\/schema\/logo\/image\/\"}}]}<\/script>\n<!-- \/ Yoast SEO plugin. -->","yoast_head_json":{"title":"Mentions l\u00e9gales - IMA-Informatique","robots":{"index":"index","follow":"follow","max-snippet":"max-snippet:-1","max-image-preview":"max-image-preview:large","max-video-preview":"max-video-preview:-1"},"canonical":"https:\/\/www.ima.nc\/index.php\/mentions-legales\/","og_locale":"fr_FR","og_type":"article","og_title":"Mentions l\u00e9gales - IMA-Informatique","og_description":"Contacts Mentions l\u00e9gales et protection des donn\u00e9es IMA INFORMATIQUE Directeur de la publication : IMA SARL T\u00e9l\u00e9phone : +687 75 33 34 Email : ima@ima.nc R\u00e9alisation du site : IMA INFORMATIQUE &#8211; OVH Donn\u00e9es personnelles Les informations recueillies font l\u2019objet d\u2019un traitement informatique destin\u00e9 au traitement des demandes et \u00e0 l\u2019information du public. Les informations [&hellip;]","og_url":"https:\/\/www.ima.nc\/index.php\/mentions-legales\/","og_site_name":"IMA-Informatique","article_modified_time":"2020-09-15T01:11:42+00:00","og_image":[{"url":"https:\/\/www.ima.nc\/wp-content\/uploads\/2020\/09\/logo-ima.jpg","type":"","width":"","height":""}],"twitter_card":"summary_large_image","twitter_misc":{"Dur\u00e9e de lecture estim\u00e9e":"2 minutes"},"schema":{"@context":"https:\/\/schema.org","@graph":[{"@type":"WebPage","@id":"https:\/\/www.ima.nc\/index.php\/mentions-legales\/","url":"https:\/\/www.ima.nc\/index.php\/mentions-legales\/","name":"Mentions l\u00e9gales - IMA-Informatique","isPartOf":{"@id":"https:\/\/www.ima.nc\/#website"},"primaryImageOfPage":{"@id":"https:\/\/www.ima.nc\/index.php\/mentions-legales\/#primaryimage"},"image":{"@id":"https:\/\/www.ima.nc\/index.php\/mentions-legales\/#primaryimage"},"thumbnailUrl":"https:\/\/www.ima.nc\/wp-content\/uploads\/2020\/09\/logo-ima.jpg","datePublished":"2020-09-12T05:34:05+00:00","dateModified":"2020-09-15T01:11:42+00:00","breadcrumb":{"@id":"https:\/\/www.ima.nc\/index.php\/mentions-legales\/#breadcrumb"},"inLanguage":"fr-FR","potentialAction":[{"@type":"ReadAction","target":["https:\/\/www.ima.nc\/index.php\/mentions-legales\/"]}]},{"@type":"ImageObject","inLanguage":"fr-FR","@id":"https:\/\/www.ima.nc\/index.php\/mentions-legales\/#primaryimage","url":"https:\/\/www.ima.nc\/wp-content\/uploads\/2020\/09\/logo-ima.jpg","contentUrl":"https:\/\/www.ima.nc\/wp-content\/uploads\/2020\/09\/logo-ima.jpg"},{"@type":"BreadcrumbList","@id":"https:\/\/www.ima.nc\/index.php\/mentions-legales\/#breadcrumb","itemListElement":[{"@type":"ListItem","position":1,"name":"Accueil","item":"https:\/\/www.ima.nc\/"},{"@type":"ListItem","position":2,"name":"Mentions l\u00e9gales"}]},{"@type":"WebSite","@id":"https:\/\/www.ima.nc\/#website","url":"https:\/\/www.ima.nc\/","name":"IMA-Informatique","description":"Votre partenaire de confiance","publisher":{"@id":"https:\/\/www.ima.nc\/#organization"},"potentialAction":[{"@type":"SearchAction","target":{"@type":"EntryPoint","urlTemplate":"https:\/\/www.ima.nc\/?s={search_term_string}"},"query-input":{"@type":"PropertyValueSpecification","valueRequired":true,"valueName":"search_term_string"}}],"inLanguage":"fr-FR"},{"@type":"Organization","@id":"https:\/\/www.ima.nc\/#organization","name":"IMA INFORMATIQUE","url":"https:\/\/www.ima.nc\/","logo":{"@type":"ImageObject","inLanguage":"fr-FR","@id":"https:\/\/www.ima.nc\/#\/schema\/logo\/image\/","url":"https:\/\/www.ima.nc\/wp-content\/uploads\/revslider\/paintbrush-addon\/logo-ima.jpg","contentUrl":"https:\/\/www.ima.nc\/wp-content\/uploads\/revslider\/paintbrush-addon\/logo-ima.jpg","width":600,"height":481,"caption":"IMA INFORMATIQUE"},"image":{"@id":"https:\/\/www.ima.nc\/#\/schema\/logo\/image\/"}}]}},"_links":{"self":[{"href":"https:\/\/www.ima.nc\/index.php\/wp-json\/wp\/v2\/pages\/267"}],"collection":[{"href":"https:\/\/www.ima.nc\/index.php\/wp-json\/wp\/v2\/pages"}],"about":[{"href":"https:\/\/www.ima.nc\/index.php\/wp-json\/wp\/v2\/types\/page"}],"author":[{"embeddable":true,"href":"https:\/\/www.ima.nc\/index.php\/wp-json\/wp\/v2\/users\/2"}],"replies":[{"embeddable":true,"href":"https:\/\/www.ima.nc\/index.php\/wp-json\/wp\/v2\/comments?post=267"}],"version-history":[{"count":14,"href":"https:\/\/www.ima.nc\/index.php\/wp-json\/wp\/v2\/pages\/267\/revisions"}],"predecessor-version":[{"id":345,"href":"https:\/\/www.ima.nc\/index.php\/wp-json\/wp\/v2\/pages\/267\/revisions\/345"}],"wp:attachment":[{"href":"https:\/\/www.ima.nc\/index.php\/wp-json\/wp\/v2\/media?parent=267"}],"curies":[{"name":"wp","href":"https:\/\/api.w.org\/{rel}","templated":true}]}}